f 375680794.
2, 491, 382567
What are the prime factors of 202767980?
2, 5, 1307, 7757
What are the prime factors of 2654546937?
3, 7, 126406997
What are the prime factors of 1900674471?
3, 29, 21846833
What are the prime factors of 27058760?
2, 5, 676469
What are the prime factors of 62409798?
2, 3, 11, 29, 3623
What are the prime factors of 687933936?
2, 3, 313, 15263
List the prime factors of 115679357.
115679357
What are the prime factors of 2770556535?
3, 5, 19, 967, 1117
List the prime factors of 28102859.
28102859
List the prime factors of 642379021.
41, 43, 8887
List the prime factors of 502133777.
17, 457, 64633
List the prime factors of 610201533.
3, 89, 2285399
What are the prime factors of 652698316?
2, 79, 2065501
List the prime factors of 29121864.
2, 3, 23, 52757
What are the prime factors of 5535369?
3, 7, 41, 2143
List the prime factors of 876829192.
2, 3389, 32341
List the prime factors of 2067254374.
2, 1289, 801883
What are the prime factors of 4490046141?
3, 7, 3617, 59113
List the prime factors of 45510861.
3, 11, 41, 33637
List the prime factors of 364591332.
2, 3, 7, 1446791
List the prime factors of 16684239.
3, 11, 13, 38891
List the prime factors of 1248588870.
2, 3, 5, 61, 682289
What are the prime factors of 155933446?
2, 61, 113, 11311
List the prime factors of 107462151.
3, 17, 31, 139, 163
What are the prime factors of 2148206679?
3, 238689631
List the prime factors of 11085530.
2, 5, 17, 61, 1069
List the prime factors of 613215234.
2, 3, 19, 331, 5417
List the prime factors of 10846700.
2, 5, 79, 1373
What are the prime factors of 84113931?
3, 11, 19, 134153
What are the prime factors of 46662919?
1069, 43651
What are the prime factors of 18464942?
2, 9232471
What are the prime factors of 92793069?
3, 29, 355529
List the prime factors of 1023462422.
2, 191, 859, 3119
What are the prime factors of 140345228?
2, 181, 193847
List the prime factors of 234319131.
3, 26035459
What are the prime factors of 1352808549?
3, 23, 661, 9887
What are the prime factors of 616963256?
2, 7, 13, 847477
What are the prime factors of 22702616?
2, 17, 166931
What are the prime factors of 1484143879?
31, 59, 137, 5923
List the prime factors of 91699088.
2, 13, 17, 25933
What are the prime factors of 28227266?
2, 29, 486677
List the prime factors of 70275934.
2, 83, 331, 1279
List the prime factors of 6887113655.
5, 971, 1418561
What are the prime factors of 57743075?
5, 13, 79, 173
List the prime factors of 5614258559.
7, 13, 809, 76261
List the prime factors of 337448986.
2, 7, 53, 64969
List the prime factors of 5945606296.
2, 7, 859, 17657
List the prime factors of 286092414.
2, 3, 15894023
What are the prime factors of 2662541405?
5, 853, 624277
List the prime factors of 926906264.
2, 277, 418279
What are the prime factors of 28195082?
2, 73, 113, 1709
List the prime factors of 329189616.
2, 3, 7, 23, 4733
List the prime factors of 248358478.
2, 281, 457, 967
List the prime factors of 207544662.
2, 3, 13, 199, 4457
What are the prime factors of 696232043?
13, 157, 341123
List the prime factors of 84873460.
2, 5, 7, 647, 937
List the prime factors of 101489849.
19, 5341571
What are the prime factors of 2311458924?
2, 3, 17, 11330681
What are the prime factors of 1328593895?
5, 101, 2630879
What are the prime factors of 33321088?
2, 17, 15313
What are the prime factors of 51096837?
3, 11, 1548389
What are the prime factors of 119611833?
3, 11, 3624601
What are the prime factors of 56755706?
2, 7, 37, 109567
List the prime factors of 268002442.
2, 109, 1229369
List the prime factors of 6887854104.
2, 3, 286993921
List the prime factors of 64267997.
64267997
List the prime factors of 123941451.
3, 113, 163, 2243
List the prime factors of 506851773.
3, 53, 103, 30949
What are the prime factors of 45509362?
2, 22754681
What are the prime factors of 668012019?
3, 271, 821663
What are the prime factors of 26983466?
2, 53, 83, 3067
What are the prime factors of 72438308?
2, 41, 441697
List the prime factors of 35630854.
2, 7, 1277, 1993
List the prime factors of 457097472.
2, 3, 13, 5087
List the prime factors of 195463393.
19, 29, 354743
What are the prime factors of 89420070?
2, 3, 5, 2980669
List the prime factors of 3265659282.
2, 3, 167, 727, 4483
List the prime factors of 16911724.
2, 4227931
What are the prime factors of 249294107?
823, 302909
What are the prime factors of 218841682?
2, 41, 47, 56783
What are the prime factors of 2933837742?
2, 3, 11, 44452087
List the prime factors of 7544798458.
2, 17, 251, 884087
List the prime factors of 3412463960.
2, 5, 85311599
What are the prime factors of 525099073?
5039, 104207
What are the prime factors of 446130631?
446130631
What are the prime factors of 4242356379?
3, 29, 560491
List the prime factors of 153302453.
153302453
What are the prime factors of 202638423?
3, 13, 5195857
List the prime factors of 10631339.
337, 31547
List the prime factors of 251363202.
2, 3, 41893867
List the prime factors of 30652843.
13, 1423, 1657
List the prime factors of 63879532.
2, 157, 101719
List the prime factors of 3430182183.
3, 67, 17065583
List the prime factors of 47046038.
2, 13, 17, 163, 653
List the prime factors of 103863106.
2, 51931553
List the prime factors of 172539994.
2, 11, 43, 182389
List the prime factors of 330156727.
31, 10650217
What are the prime factors of 51611279?
51611279
List the prime factors of 1244469796.
2, 83, 1153, 3251
List the prime factors of 14019040.
2, 5, 7, 12517
What are the prime factors of 24667421?
24667421
List the prime factors of 3709473171.
3, 71, 661, 26347
What are the prime factors of 97811282?
2, 467, 104723
List the prime factors of 2264789027.
71, 197, 161921
What are the prime factors of 131960041?
181, 349, 2089
What are the prime factors of 126811177?
17, 438793
List the prime factors of 16196232.
2, 3, 13, 23, 37, 61
What are the prime factors of 2107463835?
3, 5, 7247, 19387
What are the prime factors of 216671764?
2, 349, 155209
List the prime factors of 923967342.
2, 3, 769, 66751
What are the prime factors of 939158177?
41, 4621, 4957
What are the prime factors of 4104919463?
29, 83, 1705409
What are the prime factors of 97019745?
3, 5, 127, 50929
List the prime factors of 451563806.
2, 3359, 67217
List the prime factors of 7038566773.
7, 1005509539
What are the prime factors of 53196979?
11, 19, 359, 709
What are the prime factors of 1382654601?
3, 47, 3268687
List the prime factors of 382811179.
97, 3946507
List the prime factors of 104370770.
2, 5, 7, 109, 13679
List the prime factors of 1054680283.
59, 2837, 6301
What are the prime factors of 2006311932?
2, 3, 1223, 45569
List the prime factors of 38488776.
2, 3, 1603699
List the prime factors of 247303912.
2, 23, 1344043
List the prime factors of 15233311.
47, 324113
List the prime factors of 63600816.
2, 3, 1325017
What are the prime factors of 57331418?
2, 4021, 7129
What are the prime factors of 1070760190?
2, 5, 103, 149, 6977
What are the prime factors of 225243772?
2, 13, 4331611
What are the prime factors of 583231688?
2, 13, 257, 21821
List the prime factors of 7409950196.
2, 11, 29, 5807171
List the prime factors of 506452897.
29, 2467, 7079
What are the prime factors of 2682314396?
2, 71, 89, 106121
What are the prime factors of 59380174?
2, 7, 173, 24517
List the prime factors of 128921536.
2, 19, 97, 1093
List the prime factors of 2374183.
7, 19, 17851
What are the prime factors of 370526042?
2, 293, 632297
List the prime factors of 79220836.
2, 317, 62477
What are the prime factors of 15658499?
659, 23761
List the prime factors of 160737267.
3, 1277, 41957
What are the prime factors of 93488413?
93488413
What are the prime factors of 69441265?
5, 13888253
What are the prime factors of 53684730?
2, 3, 5, 11, 211, 257
What are the prime factors of 536527013?
11, 31, 461, 3413
List the prime factors of 260591664.
2, 3, 97, 577
List the prime factors of 900146541.
3, 7, 53, 67, 12071
List the prime factors of 417261585.
3, 5, 13, 137, 15619
What are the prime factors of 158782428?
2, 3, 7, 751, 839
What are the prime factors of 1626904405?
5, 7, 433, 107351
What are the prime factors of 468974989?
7, 66996427
List the prime factors of 60712821.
3, 13, 19219
List the p